d - 5*j. Let m be 57 + (d/2 - 2). What is the highest common factor of m and 5?
5
Suppose -8*d - 3 = -91. Let f be 3 + 7*(d + -4). Calculate the greatest common factor of 13 and f.
13
Let r(j) = j + 203. Let q be r(0). Let k(g) = -g**2 - 18*g - 3. Let x be k(-16). Calculate the greatest common divisor of q and x.
29
Suppose 0 = 38*t - 414 - 954. Calculate the highest common divisor of t and 360.
36
Suppose 29 = 2*p - 21. Let c be p*-3*2/(-6). Let a = 149 + -49. Calculate the highest common factor of c and a.
25
Suppose 3 = -u, -4*x + 2*u = u - 19. Suppose -3*g + 2*j = -326, -3*j + 11 = -x. Let w be (-4 + 3)/(3/(-252)*3). What is the greatest common factor of w and g?
28
Suppose 3*g + g = 5*h + 281, g + 5*h = 89. What is the highest common factor of 370 and g?
74
Suppose -13*d - 1080 = -28*d. Calculate the highest common factor of d and 64.
8
Suppose 4*l - 10 = -l. Suppose -l*d = f - 2*f - 9, 5*d - 5*f - 30 = 0. Let b be -5 + 4 - (-9)/d. Calculate the greatest common factor of b and 10.
2
Let w be (-37632)/(-114) - 2/19. What is the greatest common divisor of 264 and w?
66
Let k = 1896 - 1893. Calculate the greatest common factor of 33 and k.
3
Let y be (-3 - (-3 + 9))/(-1). Calculate the greatest common divisor of y and 24.
3
Let j = -858 - -867. Calculate the greatest common divisor of j and 171.
9
Let a(g) = g - 20. Let i be a(20). Suppose 3*q - 325 = 5*f, i*q = -5*q - 5*f + 515. Calculate the greatest common divisor of q and 70.
35
Suppose i + 3*i - 16 = -2*w, -25 = -5*i - 5*w. Suppose -5*a = k - 19, 3*k + i - 4 = -a. Let o be a/5*(22 + -7). What is the highest common divisor of 132 and o?
12
Let k(t) = -111*t + 21. Let f be k(-1). What is the highest common divisor of 12 and f?
12
Suppose -73 = -f + 3*q + 1, -148 = -2*f + 5*q. What is the greatest common divisor of f and 814?
74
Let l be 92 - (3 + 3)/(-6). Let c(j) = -5*j**2 + 4*j - 2. Let w be c(4). Let v = l + w. Calculate the highest common divisor of 54 and v.
27
Let w = -1406 + 1407. What is the greatest common factor of 83 and w?
1
Suppose 3*c = 4*x - 118, 106 = -0*x + 4*x + 3*c. Calculate the highest common factor of x and 80.
4
Let c(x) be the second derivative of -x**5/20 + 3*x**4/4 + 7*x**3/6 + 3*x**2/2 + 36*x - 1. Let i be c(9). Calculate the highest common factor of i and 33.
33
Let a(j) = 19*j**2 + 72*j - 15. Let q be a(-4). Suppose x + 4*x + 1 = f, 2*f + 5*x - 2 = 0. What is the highest common factor of f and q?
1
Suppose -4*m + 6 = 3*a, 0*m = -a - 2*m + 2. Let z = -5 + 6. Suppose -3*w + 302 = -5*d, z = -3*d - a. What is the highest common factor of 11 and w?
11
Let v = -85 + 155. Suppose 0 = -4*h + 3*m + 43, -7*h + m = -2*h - 51. Calculate the greatest common factor of v and h.
10
Let n(y) = 13*y + 1. Let m be n(3). Suppose -c - 31 = m. Let h = 141 + c. What is the greatest common factor of h and 35?
35
Suppose 4*j - 5*q + 21 = 0, 13 = -4*j - q - 2*q. Let v = j + 6. Let i be 1 + v - 36/(-3). What is the highest common divisor of i and 15?
15
Suppose -b + 3 = 0, -5*b - 75 = -3*k - 2*b. Suppose 0 = 189*l - 1415 + 152 - 14613. What is the greatest common factor of l and k?
28
Let b = -12 - -14. Suppose b*t = -t. Suppose 4*n - 5*l - 449 = 16, t = -3*n - l + 325. Calculate the highest common divisor of 22 and n.
22
Suppose 0 = 26*f - 21832 - 58846. What is the highest common divisor of 107 and f?
107
Let j = 190 - 135. Let o(p) = 9*p - 43. Let k be o(6). What is the highest common factor of j and k?
11
Let v be ((-8)/1*-1)/(6/18). What is the highest common factor of 8 and v?
8
Let h = -371 + 183. Let k = 64 - h. What is the greatest common divisor of 28 and k?
28
Let u = 161 - 41. Calculate the highest common factor of u and 280.
40
Suppose -u + 29*p - 13 = 24*p, -16 = -4*u + 3*p. What is the highest common factor of 238 and u?
7
Let u(y) = -2*y. Let q be u(-3). Let s = 11 - q. Suppose 0 = -5*v, d - 7*v = -8*v + 11 - 6. Calculate the highest common divisor of s and d.
5
Suppose 0 = -3*k + 2*k + 44. Suppose -k - 386 = 5*l. Let r = 44 - l. Calculate the highest common factor of 26 and r.
26
Suppose 10*w - 110 = 440. Calculate the highest common factor of 605 and w.
55
Let i = -224 - -226. What is the highest common divisor of i and 1?
1
Suppose -81*s - 132 = -87*s. What is the highest common factor of 154 and s?
22
Let u(y) = y**2 - 24*y + 43. Let j be u(23). Calculate the highest common factor of j and 25.
5
Let g(u) = -u**3 - 24*u**2 - 50*u - 1165. Let j be g(-24). Let c be (2/(-4))/(1/(-14)). What is the highest common divisor of j and c?
7
Suppose -39*z = -534 - 714. Calculate the greatest common divisor of 32 and z.
32
Let y be 260/(-3)*(-18)/12. Suppose 5*r + 0*r = y. What is the highest common factor of r and 26?
26
Let i(f) = -f - 13. Let a(o) = o**2 + o - 1. Let p(c) = a(c) - i(c). Suppose -g + 7*g = 0. Let r be p(g). Calculate the greatest common divisor of 6 and r.
6
Let m(o) = 39*o - 14. Let n be m(6). Suppose -3*s + n = -5*v, -6*v + 2*v + 79 = s. Calculate the greatest common factor of s and 100.
25
Let c = -4 + 7. Suppose z + d = 18, c + 2 = d. Suppose 0 = -14*p + 7223 - 6677. Calculate the greatest common factor of p and z.
13
Suppose 3*q - 76 = -13. Let k be -9 + (-1 - 2)*1. Let o = q + k. What is the greatest common divisor of o and 99?
9
Suppose -3*x - h - 18 = -4*x, 5*h = 20. Calculate the highest common divisor of x and 99.
11
Let y = -43 - -47. Suppose 0 = -y*u + 4*n + 348, 4*u - 2*n = 7*u - 246. Let f(v) = -2*v + 4. Let g be f(-4). What is the greatest common divisor of g and u?
12
Let z(t) be the second derivative of 13*t**3/6 - 11*t**2/2 + 3*t. Let m be z(5). Suppose 4*j - 14 = m. What is the greatest common factor of j and 51?
17
Let i(k) = -3*k + 3*k - 8 - 3*k - 4. Let j be i(-5). Suppose -2*s + 237 = 2*z + s, j*z = -s + 352. Calculate the greatest common divisor of 13 and z.
13
Suppose -4*s + 17 = 5*d - 17, -d + 32 = 5*s. Let o be (39 - 22) + (-91)/28*-4. What is the highest common factor of s and o?
6
Suppose 6 = -8*d - 2. Let h(u) = 3*u**2 - 2*u - 1. Let o be h(d). What is the greatest common factor of 20 and o?
4
Let y(f) = 63*f**2 + 1. Let g be y(-1). Let x be ((-4)/22)/((-30)/660). What is the highest common factor of g and x?
4
Suppose 3*h - 106 = 128. Calculate the greatest common divisor of 26 and h.
26
Suppose 0*w + 45 = w + 3*f, -2*w + 57 = -5*f. What is the greatest common divisor of 20 and w?
4
Suppose 54 = 5*v - 3*t, -40 = -4*v + v - 2*t. Let b = -156 + 79. Let w = b + 125. Calculate the greatest common divisor of w and v.
12
Let c(k) = 12*k - 5. Suppose 3*g - 9 - 3 = 0. Let o be c(g). Suppose 2*n - o = -3*u + 7*n, -2*u + 54 = 3*n. Calculate the greatest common divisor of 3 and u.
3
Suppose -5 = -r + 5*l, -6*r + 25 = -r + 4*l. Suppose 3*k - 280 = -0*k - r*p, -4*p + 458 = 5*k. What is the greatest common factor of k and 45?
45
Suppose -5 = -4*i + 11. Let g(m) = -m**3 - 2*m**2 + 6. Let h be g(i). Let z = -55 - h. What is the highest common factor of z and 7?
7
Suppose 157*w - 169*w = -5100. Calculate the highest common factor of 25 and w.
25
Let x(y) = y**2 - 6*y. Let l be x(8). Let z be (-4)/(l/12) - -17. What is the highest common divisor of z and 14?
14
Suppose -2*n + 0 = 8. Let d = n - -61. Let a be 1/3*(-1)/2*-228. What is the greatest common divisor of a and d?
19
Let x(t) be the third derivative of t**5/10 + t**3/3 + 4*t**2. Let a be x(-2). Calculate the greatest common factor of 65 and a.
13
Let a be (-381)/(-7) + ((-78)/(-14) - 6). Calculate the greatest common factor of 30 and a.
6
Let o(u) = u**2 - 2*u - 7. Suppose -2*h + 5*g - 25 = 3*h, g = -2*h - 22. Let k be o(h). Let t = 100 + k. Calculate the greatest common divisor of 24 and t.
24
Let h be 1/(-10) + (-3078)/(-180). Calculate the greatest common divisor of 1139 and h.
17
Let h be (-11)/(231/(-6)) + 1075/35. What is the highest common factor of 1891 and h?
31
Suppose -964 + 204 = 2*w. Let b = -228 - w. Suppose -6*a = -b + 32. Calculate the highest common divisor of a and 50.
10
Let a = 38 - 20. Let q = -914 - -920. Calculate the highest common divisor of a and q.
6
Let c = 27 + -23. Let a be 1/((16/52)/c). Calculate the highest common factor of a and 91.
13
Suppose -3*z - 4*h + 358 = 0, -3*h = 10 + 5. Let p = 29 + -15. Calculate the highest common divisor of p and z.
14
Sup